a(h) = -h**3 - 11*h**2 - 14*h - 2. Determine a(-10).
38
Let l(f) = -f**2 + 10*f + 4. Calculate l(8).
20
Let j(r) = 49*r + 838. Determine j(-17).
5
Let c(k) = k**3 + 4*k**2 - 9*k - 3. What is c(-7)?
-87
Let h(q) = 5*q**2 - 6. Give h(4).
74
Let v(u) = -u**3 + 13*u**2 + 4*u - 40. Calculate v(13).
12
Let l(q) = 2*q**2 + 6*q - 6. What is l(-6)?
30
Let z(h) = -h**2 + 13*h - 2. Calculate z(13).
-2
Let h(t) = -t + 25. Determine h(19).
6
Let t(s) = s**3 + 6*s**2 - 4*s + 9. What is t(-7)?
-12
Let f(r) = -3*r + 5. What is f(3)?
-4
Let i(d) = -d**3 + 25*d**2 + 49*d - 6. What is i(-2)?
4
Let b(k) = -2*k + 9. Determine b(0).
9
Let j(q) = q**2 - 20*q - 306. Determine j(-10).
-6
Let y(u) = 3*u**2 - 15*u. Calculate y(5).
0
Let t(n) = -13*n + 8. What is t(4)?
-44
Let b(d) = -3*d**2 + 14*d + 3. What is b(6)?
-21
Let v(t) = -t**3 + 5*t**2 - t + 5. Calculate v(5).
0
Let y(b) = 10*b - 26. Determine y(7).
44
Let r(j) = -j**2 - 6*j + 4. Determine r(-4).
12
Let b(g) = 2*g**3 + 21*g**2 + 51*g - 1. Give b(-6).
17
Let a(d) = 7*d + 18. Give a(4).
46
Let m(q) = -4*q + 1. Give m(-6).
25
Let m(q) = -q**3 - 9*q**2 - 2. What is m(-9)?
-2
Let b(a) = -a**3 + a**2 + a - 18. What is b(0)?
-18
Let c(m) = -11*m - 25. Calculate c(9).
-124
Let l(d) = -4*d + 4. Determine l(5).
-16
Let h(m) = m**3 + 13*m**2 + 11*m - 12. Determine h(-12).
0
Let n(t) = 27*t - 30. Calculate n(4).
78
Let q(v) = -v**3 + 5*v**2 + 7*v - 6. Determine q(5).
29
Let i(t) = t - 47. What is i(16)?
-31
Let x(g) = -2*g**2 - g + 3. Determine x(-4).
-25
Let v(r) = 3*r + 18. What is v(-10)?
-12
Let j(y) = -2*y**2 - 12*y + 20. Determine j(-8).
-12
Let v(u) = u**3 - 29*u**2 - 62*u + 4. Give v(31).
4
Let q(v) = 8*v + 128. Give q(-17).
-8
Let s(h) = h**3 + 6*h**2 + 5*h + 43. What is s(-7)?
-41
Let a(d) = d**3 + 3*d**2 - 2*d - 6. Determine a(-4).
-14
Let s(k) = -k**3 - 6*k**2 + 17*k + 2. Give s(-8).
-6
Let i(s) = s**2 - 4*s + 6. What is i(4)?
6
Let t(n) = -2*n**3 + 36*n**2 - 34*n + 19. What is t(17)?
19
Let n(q) = q**3 - 13*q**2 + 24*q - 28. Determine n(11).
-6
Let l(q) = 5*q + 15. What is l(7)?
50
Let p(t) = -3*t**3 + 36*t**2 - 3*t + 26. Give p(12).
-10
Let v(j) = -2*j**3 - 37*j**2 + 22*j + 55. Determine v(-19).
-2
Let m(o) = -o**2 - 2*o + 3. Give m(-3).
0
Let x(d) = 80*d - 314. Calculate x(4).
6
Let v(n) = -2*n**2 - 25*n + 18. Calculate v(-13).
5
Let h(y) = 8*y**2 - 4*y + 3. Give h(2).
27
Let i(l) = l + 20. Give i(13).
33
Let o(p) = p**3 + 2*p**2 + p + 16. Calculate o(0).
16
Let h(u) = u**3 - 3*u**2 - 9*u - 5. What is h(5)?
0
Let g(x) = 7*x - 78. Determine g(12).
6
Let c(j) = -2*j + 13. Give c(8).
-3
Let o(c) = -c - 15. Calculate o(-6).
-9
Let a(y) = -y**3 + y**2 + 1. What is a(-3)?
37
Let v(s) = s**3 - 16*s**2 - 3*s + 13. What is v(16)?
-35
Let g(z) = z**2 + 2*z - 43. What is g(0)?
-43
Let j(d) = 3*d**2 - 3*d - 9. Give j(5).
51
Let i(z) = 6*z**2 - 54*z - 41. Give i(10).
19
Let m(p) = 6*p - 1. Give m(5).
29
Let w(y) = -5*y - 30. Determine w(-7).
5
Let t(x) = 92*x - 1475. Give t(16).
-3
Let g(x) = x**3 + 6*x**2 - 9*x - 2. Calculate g(-7).
12
Let i(y) = -y**2 - 11*y + 50. Determine i(-14).
8
Let u(h) = -7*h**2 + 2*h. What is u(1)?
-5
Let u(x) = -x**3 - 23*x**2 - x - 22. Determine u(-23).
1
Let k(i) = 7*i**3 + 3*i**2 - 2*i - 1. Calculate k(1).
7
Let h(m) = -2*m**3 + 13*m**2 - 8*m + 1. Calculate h(6).
-11
Let y(h) = 2*h**2 + 27*h + 8. What is y(-13)?
-5
Let n(j) = 4*j**2 + 5*j - 3. What is n(1)?
6
Let p(d) = d**2 + 14*d + 42. Give p(-9).
-3
Let t(q) = -q**2 + 4*q. Give t(7).
-21
Let u(p) = p**2 - 11*p - 29. Calculate u(14).
13
Let v(c) = c**2 - 4*c + 9. What is v(3)?
6
Let g(h) = -h**3 + 5*h**2 - 6*h + 3. Calculate g(5).
-27
Let s(l) = -11*l + 183. Calculate s(17).
-4
Let b(v) = -3*v**2 - 6*v + 4. What is b(-3)?
-5
Let r(t) = -t**2 - 9*t + 28. Calculate r(8).
-108
Let l(d) = d**3 - 8*d**2 - 3*d + 4. What is l(8)?
-20
Let b(q) = -2*q**3 - 88*q**2 - 87*q - 51. Give b(-43).
-8
Let m(f) = 4*f**2 - 2*f - 3. What is m(3)?
27
Let j(h) = h**3 + 7*h**2 + h - 23. Determine j(-6).
7
Let w(b) = 27*b**3 - 2*b**2 - 4*b - 2. What is w(-1)?
-27
Let b(m) = m**2 - 5*m - 16. Give b(11).
50
Let i(s) = 2*s + 19. What is i(19)?
57
Let y(v) = v**2 - 7*v - 4. Calculate y(7).
-4
Let m(q) = -16*q + 7. Give m(1).
-9
Let h(u) = 16*u**3 - u**2 - 3*u - 1. Give h(-1).
-15
Let n(i) = i**3 + 2*i**2 - 10*i - 6. Give n(-4).
2
Let j(t) = -t**3 - 12*t**2 + 10*t - 45. Determine j(-13).
-6
Let j(t) = t**2 - 1. Determine j(-5).
24
Let d(w) = -5*w + 10. Determine d(5).
-15
Let q(l) = -l**2 + 24*l + 48. Determine q(26).
-4
Let v(f) = -2*f**2 - 13*f + 25. Calculate v(-8).
1
Let n(j) = -2*j**3 - j**2 + j - 3. What is n(2)?
-21
Let q(x) = x**3 + 9*x**2 + 3*x - 19. Give q(-9).
-46
Let q(f) = -2*f**3 + 21*f**2 - 5*f - 5. Calculate q(10).
45
Let q(f) = 9*f + 23. What is q(-7)?
-40
Let c(p) = -p**2 + p + 3. Give c(5).
-17
Let b(w) = w**3 - w + 6. Calculate b(0).
6
Let v(d) = -8*d - 21. What is v(10)?
-101
Let c(d) = -16*d**3 + 2*d**2 - d - 3. Determine c(2).
-125
Let k(l) = -l**3 + 21*l**2 + l - 20. Determine k(21).
1
Let j(h) = h - 15. Give j(-16).
-31
Let p(y) = -4*y**2 + 3*y - 3. Calculate p(2).
-13
Let o(q) = -2*q**2 - 9*q. What is o(-4)?
4
Let v(c) = 5*c + 67. Calculate v(-10).
17
Let c(x) = -2*x - 12. Determine c(-5).
-2
Let q(f) = -4*f - 2. Give q(-3).
10
Let c(z) = 3*z**2 - 3*z - 1. Calculate c(-1).
5
Let f(g) = -2*g + 23. What is f(8)?
7
Let r(x) = -x**2 + 10*x. Calculate r(4).
24
Let x(l) = -l**3 - 9*l**2 + 3*l + 12. Give x(-9).
-15
Let v(f) = -52*f**3 - f**2 - 5*f - 4. What is v(-1)?
52
Let u(x) = -x**3 - 3*x**2 + 5*x + 6. What is u(-5)?
31
Let j(h) = 2*h**3 - 5*h**2 - 5. Calculate j(3).
4
Let v(a) = -6*a + 78. Calculate v(14).
-6
Let p(u) = 2*u - 19. Give p(10).
1
Let f(u) = -u**3 - 8*u**2 - 9*u - 2. Calculate f(-7).
12
Let t(p) = -p**3 + 22*p**2 + 25*p - 47. Calculate t(23).
-1
Let k(u) = 7*u**2 - 95*u - 96. Calculate k(-1).
6
Let t(y) = 14*y - 82. Calculate t(5).
-12
Let q(m) = -22*m - 26. Determine q(-2).
18
Let k(z) = z**2 + 13*z + 34. What is k(-9)?
-2
Let t(z) = 2*z**3 - 12*z**2 + z + 1. Determine t(6).
7
Let f(d) = -d**3 - 4*d**2 - d - 4. Give f(-4).
0
Let z(p) = -p**3 + 10*p**2 + 25*p + 1. Give z(12).
13
Let p(g) = g**2 + 2*g - 4. Give p(4).
20
Let p(w) = 9*w - 7. Give p(6).
47
Let s(z) = z**3 + 3*z**2 - 13*z - 6. What is s(-5)?
9
Let a(l) = l**2 - 16*l + 21. Determine a(14).
-7
Let g(o) = -o**2 - 6. What is g(-6)?
-42
Let x(v) = -10*v**3 - 2*v**2 - v + 1. Give x(-1).
10
Let v(o) = -o**2 - 5*o - 10. Give v(-3).
-4
Let g(l) = -l**2 - 5*l - 4. Determine g(-9).
-40
Let l(m) = -m**2 + 3*m - 17. Determine l(5).
-27
Let j(k) = -42*k - 533. Calculate j(-13).
13
Let w(l) = 10*l + 39. Give w(-4).
-1
Let a(d) = -d**2 - 10*d - 2. Give a(-8).
14
Let f(c) = c**3 + 9*c**2 + 10*c + 19. Determine f(-8).
3
Let j(o) = 3*o + 36. Calculate j(-13).
-3
Let c(y) = y**2 - 17*y - 116. Determine c(23).
22
Let s(u) = -3*u**2 + 32*u - 43. Determine s(8).
21
Let h(r) = 2*r**2 + 19*r - 87. Calculate h(4).
21
Let h(w) = 4*w**3 + w**2 - 5*w + 5. Calculate h(1).
5
Let a(k) = -k**2 + 8*k - 21. Determine a(4).
-5
Let l(r) = -r**3 + 18*r**2 + 20*r - 44. Calculate l(19).
-25
Let n(y) = -22*y - 48. What is n(-3)?
18
Let b(i) = i**3 - 6*i**2 + 5*i - 4. What is b(5)?
-4
Let a(f) = -f**3 - 9*f**2 - 8*f + 5. What is a(-8)?
5
Let u(v) = 2*v + 16. Give u(-11).
-6
Let l(o) = 6*o + 26. What is l(-6)?
-10
Let x(v) = v**2 - 9*v + 11. Give x(8).
3
Let m(g) = 19*g - 18. Determine m(1).
1
Let m(g) = g**3 + 2*g**2 - 4*g - 4. Give m(-2).
4
Let k(y) = -y**2 + 2*y - 2. Calculate k(-3).
-17
Let t(h) = -h**3 - 4*h**2 - 5*h - 4. Give t(-2).
-2
Let b(g) = -5*g + 48. Calculate b(5).
23
Let m(n) = 3*n + 3. Determine m(-6).
-15
Let o(j) = -j**2 + 18*j + 5. Give o(11).
82
Let j(v) = -v**2 - v - 3. Determine j(-3).
-9
Let q(p) = 3*p + 50. Give q(-9).
23
Let u(m) = -5*m**2 - 5*m - 1. Give u(0).
-1
Let b(r) = -r**3 - r**2 + 3*r - 6. Calculate b(0).
-6
Let m(v) = 2*v + 47. Calculate m(-22).
3
Let i(k) = 11*k**3 + k - 2. What is i(1)?
10
Let m(w) = -2*w**3 + 3*w - 4. Give m(-3).
41
Let o(i) = -i**3 - 6*i**2 - 6*i - 17. Calculate o(-4).
-25
Let h(i) = -66*i**2 - 16*i - 1. Determine h(-1).
-51
Let z(a) = -8*a**2 - 15*a - 7. Give z(-1).
0
Let s(l) = l**2 + 8*l - 9. Determine s(-8).
-9
Let a(w) = -w**2 + 1. What is a(5)?
